greatest common divisor of p and j?
9
Let u(p) = -p**3 - 4*p**2 + 5*p - 4. Let q be u(-5). Let l = 22 + q. Calculate the greatest common factor of 90 and l.
18
Let h be (-1)/3 - 20/(-6). Suppose -3*u = 3*o - 6, -u + 4*o = -1 - 1. Suppose -33 = -u*c + c. What is the highest common factor of h and c?
3
Let i = 9 - -6. Suppose -2*y = y + 5*l - 26, -20 = -5*l. Suppose -22 = -q - 4*b, -3*q + q = -y*b - 14. Calculate the highest common divisor of i and q.
5
Let w = 33 - 5. Let v be 338/7 - 8/w. What is the highest common divisor of v and 12?
12
Suppose -5*x + 0*x - 15 = 0. Let u(y) be the first derivative of -y**3/3 - 2*y**2 - y - 1. Let r be u(x). Calculate the greatest common divisor of r and 5.
1
Suppose 0 = 3*x - 15, 0*j - j + 4*x - 6 = 0. Calculate the greatest common factor of j and 154.
14
Let r(i) = 2*i**2 - 10*i - 22. Let o be r(-3). What is the highest common factor of o and 65?
13
Let t be (-724)/(-10) - (-8)/(-20). Calculate the greatest common divisor of 9 and t.
9
Let h be (-14)/1*55*6/(-21). What is the highest common factor of 55 and h?
55
Suppose 5*c = j + 36, 3*c = -c + j + 28. Suppose 3*m = -3*d - 6, -3*m + 22 = 2*m - 3*d. What is the greatest common factor of c and m?
2
Let y(q) = -q**2 + 3*q + 4. Let u be y(3). Suppose 0 = a - u + 2. Calculate the greatest common factor of 10 and a.
2
Let a = -24 - -31. What is the highest common divisor of 28 and a?
7
Let k(a) = -a**2 - 5*a. Let w be k(-4). Let m(s) = -s**2 - 9*s + 4. Let i be m(-8). Let r be 85/w + (-3)/i. What is the greatest common divisor of r and 14?
7
Let v = 60 - 42. Let p(s) = 4*s**2 - 2*s. Let t be p(5). What is the greatest common divisor of t and v?
18
Let n(t) = t**2 + t + 6. Let p be n(0). Suppose -6*g = -93 - 87. Calculate the highest common factor of g and p.
6
Let u(z) = 3*z**2 - 4*z**2 - 3 - 3 + 8*z. Let t be u(6). Let j(c) = -c**3 + 5*c**2 + 10*c - 9. Let i be j(t). Calculate the highest common divisor of i and 120.
15
Let u be 8*(2 - (-3)/2). Let x(s) = -9*s - 12. Let a be x(-6). Calculate the greatest common factor of u and a.
14
Let z = -255 + 521. Suppose -5*b + 2*r + 672 = 7, -3*r - z = -2*b. Calculate the highest common factor of b and 19.
19
Let d(u) = -u**2 + 15*u - 6. Let z be d(7). Calculate the greatest common factor of 175 and z.
25
Suppose 0 = -3*z + 12, -2*s + s + 71 = -5*z. What is the greatest common divisor of s and 13?
13
Let c be (-24)/10 + (-4)/(-10). Let l = c + 9. Let h(s) = 2*s**2 - 5*s + 7. Let b be h(l). Calculate the greatest common divisor of b and 28.
14
Let g be ((-12)/(-14))/((-2)/(-42)). Suppose -2*b + 3*n = -39, 4*b - 46 = -5*n + 21. Calculate the highest common divisor of b and g.
18
Let o(m) = -2*m - 31. Let p be o(-21). Let d = 108 + -75. Calculate the greatest common divisor of d and p.
11
Let h = 3 - 3. Suppose 3*t - 2*b - 31 - 18 = h, t - 15 = 2*b. What is the highest common factor of t and 153?
17
Suppose -6*f = -f - d - 47, 0 = 3*f + d - 33. Calculate the highest common factor of 5 and f.
5
Let w = 45 + -36. Calculate the highest common factor of w and 9.
9
Let s = 6 - 3. Suppose 4*t - 35 = u, u - 3*u + s*t = 45. Let z = u - -29. What is the highest common divisor of 98 and z?
14
Let c(z) = -2*z**2 + 3*z + 4. Let f be c(3). Let u = -1 - f. Suppose n = -u*n + 105. Calculate the highest common factor of n and 7.
7
Suppose -5*a = v - 65, -a + 12 - 3 = v. Suppose -4*y + y = 9. Let f be (-32)/y*42/4. What is the highest common factor of a and f?
14
Let l = 19 - -15. Calculate the greatest common factor of l and 68.
34
Let w = 70 - 158. Let g be w/(-14) - 4/14. Calculate the highest common factor of 3 and g.
3
Suppose 2*t + 8 = 6*t. Let q be (-16)/((-2)/8*2). Suppose 3*k = -3*h + k + 34, -4*k = -4*h + q. Calculate the greatest common factor of t and h.
2
Suppose -151*h + 15 = -146*h. What is the highest common divisor of h and 12?
3
Let d(q) = -4*q - 3. Let n be d(-4). Calculate the greatest common factor of n and 65.
13
Let t be 4431/49 - (-6)/(-14). What is the greatest common factor of t and 18?
18
Suppose 4 = -v + 2*l, 3*l - 20 = -5*v - 1. Suppose -s - 46 = -v*s + 3*o, 0 = -3*o - 6. What is the greatest common divisor of s and 8?
8
Let z be (-28)/(-3) - 2/6. Let a be 1*(-33)/6*-26. Suppose a + 109 = 4*r. Calculate the greatest common factor of z and r.
9
Suppose 3*d = 2*d - 5*r - 14, -4 = 2*d + 4*r. Let l be (3 - 18)/((-25)/30). What is the highest common divisor of d and l?
6
Let k(x) be the first derivative of 4 + 4*x + x**2 - 2 - 12*x. Let d be k(7). What is the highest common divisor of 6 and d?
6
Suppose 8*v - 1800 = 3*v. Suppose -3*c + v = 2*c. What is the highest common factor of 9 and c?
9
Let x = -38 - -58. Let u = 11 - -209. Calculate the greatest common factor of u and x.
20
Let b be 2/8 + (-282)/(-24). What is the highest common divisor of b and 48?
12
Let j = -50 + 96. Let q be (-2 + 5)*23/1. What is the greatest common divisor of q and j?
23
Let s = 27 + -13. Suppose 0*c - c = 0. Suppose 2*g + 4*l - 16 = 0, 4*g + c*l = -2*l + s. Calculate the greatest common factor of g and 22.
2
Suppose 21*j - 19*j = -12. Let i be 21/3 + (-2 - j). What is the greatest common factor of 33 and i?
11
Let v be -3 + 142/5 + (-10)/25. Calculate the greatest common divisor of v and 125.
25
Let m(w) = -2*w**3 - 4*w**2 + 2*w + 2. Let l be m(-3). Let t be 42/4*24/l. Calculate the greatest common divisor of t and 162.
18
Let b(g) = 2*g**3 - 12*g**2 + 26*g - 2. Let o be b(5). Calculate the greatest common factor of 13 and o.
13
Let t(r) = -2*r**3 + 4*r**2 - r - 3. Let s be t(3). Let o be (s/(-9))/(2/12). What is the greatest common divisor of 16 and o?
16
Let k be (13 - 19)/((-2)/4). Let u be 9 - (2 - 1)/1. What is the highest common divisor of u and k?
4
Let i = 0 - -4. Suppose -2*s + o + 20 = -3*o, -2*s + 52 = i*o. Suppose s = -3*l + 5*l. Calculate the greatest common divisor of l and 36.
9
Suppose -25 + 55 = 6*u. What is the highest common factor of 10 and u?
5
Suppose -12 - 3 = -5*v. Let g(p) = p**2 - 8*p**2 + p**3 - 9*p - 2*p**v. Let h be g(-6). Calculate the greatest common divisor of h and 6.
6
Suppose -5*g + 41 + 99 = 5*m, -3*g + 2*m + 74 = 0. Calculate the highest common factor of g and 78.
26
Suppose 3*v - 26 = -4*g, -7*v + 86 = -2*v - 4*g. What is the highest common divisor of v and 56?
14
Suppose -a - 3*a - v = -802, -3*a + 598 = -v. Calculate the highest common factor of a and 25.
25
Let o be -5*18*9/(-30). Suppose -3*p = -0*p - o. Calculate the highest common factor of p and 6.
3
Let q(l) = -4*l - 4. Let y be q(-3). Let d be (1 - 4)/((-6)/y). Suppose 0 = 4*j - 0 - 16. What is the greatest common factor of j and d?
4
Let j be ((-5)/2)/((-2)/16). Suppose 0 = 5*w + 69 - 4. Let p = 23 + w. Calculate the highest common factor of p and j.
10
Let g be (-5*(-8)/120)/(1/12). Let j be (-4)/(-2 - -1) + 0. Suppose -108 = -4*c - j*a - 12, -2*c = -3*a - 68. What is the greatest common divisor of c and g?
4
Suppose 4*n - 2*t = 2*n, -3 = -t. Suppose 0 = -3*b - n*v + 372, 365 = 5*b + 3*v - 263. Calculate the highest common factor of 16 and b.
16
Let t = -15 - -47. Suppose t = -2*k + 6*k. Let g(c) = -c + 14. Let u be g(6). What is the greatest common factor of u and k?
8
Let a(n) = n**3 + n**2 + 30. Let g be a(0). Suppose -3*t = -6, 4*t - 48 = -3*q + 7*q. Let w be 2*q/4*-4. Calculate the greatest common factor of g and w.
10
Let h = 7 - 44. Let z be (2 - h) + 0/(-1). Suppose 8*i - 5*i = 78. What is the greatest common factor of i and z?
13
Let m = -19 + 24. What is the greatest common divisor of 20 and m?
5
Suppose 0 = 4*n - 2*n - 116. Suppose 4*r = 3*s + 46, 2*r = -s + 6*s + n. Let o = -6 - s. What is the highest common divisor of 2 and o?
2
Suppose 4*p - 2*p - 3*q = 79, -2*p + 4*q = -80. Calculate the highest common divisor of p and 304.
38
Let v be (-306)/(-45) - 2/(-10). Calculate the highest common divisor of v and 14.
7
Suppose 2*d + 3 = 5. Let f(x) = -6*x + x + d + 4*x. Let o be f(-1). What is the greatest common factor of o and 2?
2
Let z = 0 - -3. Let b(g) = g**3 - 3*g**2 + 3. Let k be b(z). Suppose -1 = 2*r - k. What is the greatest common divisor of r and 11?
1
Let l be 1/3 + 10/15. Let q be l - -2*(-2)/(-4). Suppose 2*h - 3*s + 4*s - 9 = 0, -5*s + 31 = 3*h. Calculate the greatest common factor of h and q.
2
Let r be ((-15)/